and l?
5
Suppose 0 = -3*i - 15, -k - 1 = -3*i - 51. Calculate the highest common factor of 5 and k.
5
Suppose -2*x = 4*f - 126, -f = 3*x + x - 259. What is the greatest common factor of 26 and x?
13
Let o(z) be the first derivative of -2*z**2 - 2*z - 4. Let r(g) = -2*g + 2. Let h be r(2). Let b be o(h). What is the highest common factor of 12 and b?
6
Let a be 5/(-15)*-3*(-12)/(-2). Calculate the greatest common divisor of 6 and a.
6
Let r(u) = -u. Let j(k) = 4*k**3 + 2*k**2 + 2*k - 2. Let s(x) = -j(x) - 5*r(x). Let t be s(-2). Calculate the greatest common factor of 2 and t.
2
Let s = 2 + 1. Suppose -s*m + 0*m = 12. Let v be ((-6)/m - 1)*6. Calculate the highest common divisor of v and 27.
3
Let r = -17 + 4. Let m = 14 + r. Let c = -4 - -12. Calculate the highest common divisor of m and c.
1
Let y = -47 - -48. What is the highest common divisor of 1 and y?
1
Let l = 5 + 0. What is the greatest common divisor of l and 35?
5
Let t(h) = 1 + h**2 + 2*h**3 - 7*h**2 - 3*h + 6*h. Let p be t(4). What is the greatest common divisor of p and 18?
9
Suppose 5*r - 11 = 14. Suppose 3*d + 79 = j + j, -r*d = 5*j - 160. Suppose 21 + j = 2*g. Calculate the highest common divisor of g and 4.
4
Let o be (-38)/(-14) + 6/21. Suppose -5 = -4*r + o. Suppose r*s - 120 = -0*s. What is the highest common divisor of 12 and s?
12
Let a be 167/6 + (-4)/(-24). What is the highest common divisor of a and 14?
14
Let c be (-2)/(-10) - (-84)/(-20). Let n = c - -15. Calculate the greatest common factor of n and 22.
11
Let b(q) = q**3 - 2*q**2 + 3*q - 4. Let i be b(2). Let m(c) = 2*c**3 + 3*c**2 - 2*c - 2. Let y be m(2). What is the greatest common divisor of y and i?
2
Suppose 2*l - 468 = -2*l. Suppose g - 3*g = -48. Suppose 15 = 3*t - g. What is the greatest common divisor of t and l?
13
Let n(p) = 2*p + 24. Let o be n(-11). Let z = 8 - 5. Suppose -21 = -o*l - z. What is the highest common divisor of 6 and l?
3
Suppose -19 - 7 = -2*t. Let d = t - -1. Suppose -5*y + 3*l = -2*y - 204, 0 = -2*y + l + 138. Calculate the greatest common factor of d and y.
14
Let t(c) = c**3 + 2*c**2 - 7*c. Let d be t(3). What is the greatest common divisor of 264 and d?
24
Let s(b) = 22*b + 1. Let l be (-16)/(-7) + (-6)/21. Let m be s(l). What is the highest common divisor of 30 and m?
15
Suppose 4*m - 3 = u - 14, -u = 3*m - 46. Calculate the greatest common divisor of 217 and u.
31
Suppose 0 = -x + 4*o + 18, 2*o - 20 = -3*x + 20. Suppose -3*q + 4*q - 28 = 0. Calculate the highest common divisor of x and q.
14
Let t = 12 + 5. Calculate the highest common divisor of t and 187.
17
Suppose 91 = g - 0*g. Let l = 53 + g. Let b(s) = 15*s**2 + 1. Let k be b(1). What is the highest common divisor of l and k?
16
Let z(o) = 2*o**2 - 8*o - 6. Suppose -5*s + 49 - 14 = 0. Let y be z(s). Let a = -4 + 28. What is the greatest common divisor of a and y?
12
Let p = 4 - -20. Suppose 48 = -i + 4*i - 4*g, -3*i = 2*g - 30. Suppose s - 5*f + 236 = 4*s, i = 3*f. Calculate the greatest common divisor of s and p.
24
Suppose -2*f + 341 = -f. What is the greatest common divisor of f and 31?
31
Suppose -4*n = -12 + 4. Let d be n/5 + (-836)/(-10). Calculate the greatest common factor of d and 12.
12
Let o(c) = -20*c. Let y be o(-1). Let g be (6/4)/(9/300). What is the greatest common factor of y and g?
10
Let y(s) = -7*s - 1. Let k be y(-3). Let u = 12 - 1. Let b = k - u. What is the greatest common factor of 72 and b?
9
Let g = 36 + -26. Calculate the greatest common divisor of g and 110.
10
Let t be ((-13)/2)/(3/6). Let w = 8 + t. Let m(z) = -2*z - 4. Let n be m(w). Calculate the greatest common divisor of n and 18.
6
Let y(o) = -o**2 + 12*o - 31. Let r be y(6). Calculate the greatest common factor of r and 25.
5
Let j(t) = t**3 + 3*t**2 - t. Let f be j(-3). Suppose 4*q - 6 = f*q. Let r be 7*2 + -6 + q. Calculate the greatest common divisor of r and 154.
14
Let v(m) = -m**3 + 9*m**2 - 7*m - 5. Let l be v(8). Suppose -l*g + 565 + 200 = 0. Let k = -138 + g. Calculate the greatest common factor of 13 and k.
13
Let j = 69 - 39. What is the highest common divisor of j and 6?
6
Let b be (2 + -1)/(2/28). Suppose 0 = -3*q + 2*x + 300, 4*q + x = 5*q - 101. Calculate the greatest common divisor of b and q.
14
Suppose -4*t - z + 59 = 0, -z = 3*z - 12. Let d(x) = 19*x**2 + 3*x. Let v be d(-2). Calculate the highest common divisor of v and t.
14
Let r be -2 + (-1 - -119) + 0. Suppose -4*s = 4*q - 96, -125 = -5*q - 0*q - 4*s. Calculate the greatest common divisor of q and r.
29
Suppose -4*x = -728 + 5276. Let v = x - -763. Let u be (-10)/(-45) + v/(-18). What is the highest common divisor of 105 and u?
21
Let f = 32 - 21. Let h be 4 - (-3 + 3) - -40. What is the highest common factor of f and h?
11
Suppose -2*d + 4*r = -7 + 3, -d - 2*r - 2 = 0. Let l be -2 + d + 3 - -4. Calculate the greatest common divisor of l and 40.
5
Let j = 4 + -9. Let f(a) = a**2 + 3*a + 2. Let m be f(j). Calculate the greatest common divisor of m and 12.
12
Suppose 5*c = 5*m + 65, 2 + 5 = 4*c + 5*m. What is the greatest common divisor of 2 and c?
2
Suppose m = -5 - 4. Let a be 121 - (-3)/m*0. Calculate the greatest common divisor of 11 and a.
11
Suppose -x + t + 162 = 57, -x = -2*t - 108. Suppose 4*g - 5*w + 9 = x, 0 = -3*w - 3. Let f be g/(-1 - -3)*1. Calculate the greatest common factor of 88 and f.
11
Let a be (-66)/(-14) - 2/(-7). Suppose -a*l + 4*l + 30 = 0. What is the greatest common factor of 5 and l?
5
Let b(f) = -f + 17. Let m be b(8). Calculate the greatest common divisor of 3 and m.
3
Let g(b) = -13*b - 15. Let s be g(-13). What is the greatest common factor of s and 22?
22
Suppose -3*l + 99 + 21 = 0. Let o(f) = f**2 + 2*f. Let g be o(-5). Suppose 2*i = -i + g. Calculate the greatest common factor of i and l.
5
Let z be (-1)/2 - (-188)/(-8). Let g = z - -42. What is the highest common factor of g and 90?
18
Let g be ((-4)/12)/((-2)/42). Let b be (11/(-11))/((-2)/8). Suppose 0*c - 38 = -c + 3*w, 4*w = -b. What is the highest common divisor of c and g?
7
Suppose 6*o = 98 + 112. What is the highest common factor of 5 and o?
5
Let p(s) = s**2 + 3*s - 9. Let l be p(-6). What is the greatest common factor of 54 and l?
9
Let d be (2 - -116) + (-6)/6. Let j be 2/(6/d)*1. What is the highest common factor of j and 26?
13
Let k be -4 - (-14 + 12/4). Calculate the greatest common divisor of 7 and k.
7
Suppose -7*d + 4*d = h - 6, 3*h - 4*d = 31. Suppose -3*z - 36 = -7*z + 4*w, -3*z = -w - 27. Calculate the highest common divisor of h and z.
9
Suppose -4*b + 2*p + 62 = 0, p - 5 = -b - 2*p. Let i be b - (-5 + -3 + 7). What is the highest common divisor of 3 and i?
3
Let l = 12 - 10. Suppose 0 = -l*u + 127 - 37. Suppose -16 = -4*s + 4. What is the highest common divisor of s and u?
5
Let d = 24 - 9. Calculate the highest common divisor of d and 45.
15
Suppose 5*z + 4*h - 70 = 0, 0 = -h + 2*h - 5. Calculate the highest common divisor of 2 and z.
2
Let m be (-648)/(-3) - (-2 + -2). What is the highest common divisor of m and 20?
20
Let t be (-4)/((-2)/8 - 0). Calculate the greatest common divisor of 48 and t.
16
Let w = 29 - 8. Calculate the highest common divisor of 14 and w.
7
Let j be (-12)/(-16) - (-225)/20. Calculate the greatest common factor of 84 and j.
12
Let t(i) = i**2 + 11*i - 6. Let d be t(-10). Let w be (-2 - d) + 2/(-1). Suppose 3*c - 37 - 71 = 0. What is the greatest common divisor of w and c?
12
Suppose 0 = 5*w + 471 - 1521. What is the greatest common factor of w and 30?
30
Let t(c) = c**3 - 2*c**2 + 3*c. Let j = 6 + -3. Let u be t(j). Suppose 0 = 3*g - 0 - u. Calculate the highest common factor of 15 and g.
3
Let z = 54 - 51. Let v be -4*(2/4 + 0). Let y be 197/z + v/(-6). Calculate the highest common divisor of y and 6.
6
Let y = -132 - -150. Calculate the greatest common factor of y and 27.
9
Let i = -43 - -196. What is the greatest common divisor of 17 and i?
17
Let v = 9 + -4. Let x = v + 5. Let i(t) = 5*t**2 + 9*t. Let h be i(-5). Calculate the greatest common factor of h and x.
10
Suppose d = 6*d - 5. Suppose 4*u = 4*r - 0*u, -5*r = u. Suppose 5*z - 20 = -2*l - 1, -3*z + l + 18 = r. What is the greatest common factor of z and d?
1
Let j(z) = -8*z - 9. Let u(t) = -2*t + 2. Let l be u(5). Let p be j(l). What is the highest common factor of 5